{"id":2590,"date":"2022-02-15T20:13:28","date_gmt":"2022-02-15T20:13:28","guid":{"rendered":"https:\/\/heurekaestudio.com\/?post_type=product&#038;p=2590"},"modified":"2022-09-03T20:22:43","modified_gmt":"2022-09-03T20:22:43","slug":"brand-book","status":"publish","type":"product","link":"https:\/\/heurekaestudio.co\/nuevo\/tienda\/brand-book\/","title":{"rendered":"<font size=4>Brand Book<\/font>"},"content":{"rendered":"<div class=\"_df_book df-lite\" id=\"df_2676\"  _slug=\"brand-book-cliente-sis\" data-title=\"brand-book-cliente-sis\" wpoptions=\"true\" thumb=\"https:\/\/heurekaestudio.co\/nuevo\/wp-content\/uploads\/2022\/02\/Logotipo-Basico.jpg\" thumbtype=\"\" ><\/div><script class=\"df-shortcode-script\" nowprocket type=\"application\/javascript\">window.option_df_2676 = {\"outline\":[],\"backgroundColor\":\"#f7ab16\",\"autoEnableOutline\":\"false\",\"autoEnableThumbnail\":\"false\",\"overwritePDFOutline\":\"false\",\"enableDownload\":\"false\",\"direction\":\"1\",\"pageSize\":\"0\",\"pageMode\":\"2\",\"source\":\"https:\\\/\\\/heurekaestudio.co\\\/nuevo\\\/wp-content\\\/uploads\\\/2022\\\/09\\\/Brand-Book_SIS.pdf\",\"wpOptions\":\"true\"}; if(window.DFLIP && window.DFLIP.parseBooks){window.DFLIP.parseBooks();}<\/script>\n<div class=\"_df_book df-lite\" id=\"df_2610\"  _slug=\"brand-book\" data-title=\"brand-book-cliente-gotas-de-agua\" wpoptions=\"true\" thumb=\"https:\/\/heurekaestudio.co\/nuevo\/wp-content\/uploads\/2022\/02\/Logotipo-Basico.jpg\" thumbtype=\"\" ><\/div><script class=\"df-shortcode-script\" nowprocket type=\"application\/javascript\">window.option_df_2610 = {\"outline\":[],\"backgroundColor\":\"#f7ab16\",\"autoEnableOutline\":\"false\",\"autoEnableThumbnail\":\"false\",\"overwritePDFOutline\":\"false\",\"enableDownload\":\"false\",\"direction\":\"1\",\"pageSize\":\"0\",\"pageMode\":\"2\",\"source\":\"https:\\\/\\\/heurekaestudio.co\\\/nuevo\\\/wp-content\\\/uploads\\\/2022\\\/02\\\/Brand-Book.pdf\",\"wpOptions\":\"true\"}; if(window.DFLIP && window.DFLIP.parseBooks){window.DFLIP.parseBooks();}<\/script>\n<p>Incluye:<\/p>\n<ul>\n<li>Tres (3) propuestas conceptuales.<\/li>\n<li>Un (1) archivo en formato Ai del Brand Book.<\/li>\n<li>Un (1) archivo en formato Pdf del Brand Book.<\/li>\n<li>Un (1) archivo en formato Pdf editable de las tarjetas de presentaci\u00f3n (1 nombre) (nombre adicional \u00bb $20.000).<\/li>\n<li>Un (1) archivo en formato Pdf editable de la hoja membretada.<\/li>\n<li>Un (1) archivo en formato Jpg (perfil de redes sociales).<\/li>\n<li>Un (1) archivo en formato Png (logotipo a color sin fondo, posici\u00f3n vertical).<\/li>\n<li>Un (1) archivo en formato Png (logotipo a color sin fondo, posici\u00f3n horizontal).<\/li>\n<li>Un (1) archivo en formato Png (logotipo monocromo negro sin fondo, posici\u00f3n vertical).<\/li>\n<li>Un (1) archivo en formato Png (logotipo monocromo negro sin fondo, posici\u00f3n horizontal).<\/li>\n<li>Un (1) archivo en formato Png (logotipo monocromo blanco sin fondo, posici\u00f3n vertical).<\/li>\n<li>Un (1) archivo en formato Png (logotipo monocromo blanco sin fondo, posici\u00f3n horizontal).<\/li>\n<\/ul>\n<p>Nota: Existen logotipos con una sola posici\u00f3n (vertical u horizontal) para lo cu\u00e1l se enviar\u00e1n los archivos Png en esa posici\u00f3n a color, negro y blanco.<\/p>\n","protected":false},"excerpt":{"rendered":"<p>Abre nuevos mercados.<\/p>\n<p>Usa a tu favor el impacto de las redes sociales para comunicar un mensaje que haga recordar tu marca y convierte a tu audiencia en tu comunidad digital, generando prospectos y ampliando las oportunidades de ventas.<\/p>\n<p>Desliza hasta la descripci\u00f3n para obtener m\u00e1s informaci\u00f3n sobre lo que incluye este pack.<\/p>\n<div class=\"readmore\"><a class=\"btn-link\" href=\"https:\/\/heurekaestudio.co\/nuevo\/tienda\/brand-book\/\">Read more<\/a><\/div>\n","protected":false},"featured_media":2595,"comment_status":"open","ping_status":"closed","template":"","meta":{"inline_featured_image":false},"product_brand":[],"product_cat":[52],"product_tag":[85,78,79,86,80],"class_list":{"0":"post-2590","1":"product","2":"type-product","3":"status-publish","4":"has-post-thumbnail","6":"product_cat-diseno","7":"product_tag-brand-book","8":"product_tag-design","9":"product_tag-diseno","10":"product_tag-image-corporativa","11":"product_tag-logotipo","13":"first","14":"instock","15":"virtual","16":"purchasable","17":"product-type-simple"},"jetpack_sharing_enabled":true,"_links":{"self":[{"href":"https:\/\/heurekaestudio.co\/nuevo\/wp-json\/wp\/v2\/product\/2590","targetHints":{"allow":["GET"]}}],"collection":[{"href":"https:\/\/heurekaestudio.co\/nuevo\/wp-json\/wp\/v2\/product"}],"about":[{"href":"https:\/\/heurekaestudio.co\/nuevo\/wp-json\/wp\/v2\/types\/product"}],"replies":[{"embeddable":true,"href":"https:\/\/heurekaestudio.co\/nuevo\/wp-json\/wp\/v2\/comments?post=2590"}],"wp:featuredmedia":[{"embeddable":true,"href":"https:\/\/heurekaestudio.co\/nuevo\/wp-json\/wp\/v2\/media\/2595"}],"wp:attachment":[{"href":"https:\/\/heurekaestudio.co\/nuevo\/wp-json\/wp\/v2\/media?parent=2590"}],"wp:term":[{"taxonomy":"product_brand","embeddable":true,"href":"https:\/\/heurekaestudio.co\/nuevo\/wp-json\/wp\/v2\/product_brand?post=2590"},{"taxonomy":"product_cat","embeddable":true,"href":"https:\/\/heurekaestudio.co\/nuevo\/wp-json\/wp\/v2\/product_cat?post=2590"},{"taxonomy":"product_tag","embeddable":true,"href":"https:\/\/heurekaestudio.co\/nuevo\/wp-json\/wp\/v2\/product_tag?post=2590"}],"curies":[{"name":"wp","href":"https:\/\/api.w.org\/{rel}","templated":true}]}}